mber?
True
Is 21*123*2/18 composite?
True
Let z be (-2)/2 + 1/1. Suppose -o - 4*a + 27 = -33, z = 3*o - a - 154. Suppose o = 2*v + 2*v. Is v prime?
True
Suppose 3*c = 16 + 2. Suppose c*n = n + 395. Is n a prime number?
True
Let j be (-1)/(-3*(-3)/45). Let m(a) = -a**2 - 7*a - 3. Is m(j) a prime number?
True
Let l = -546 + 1757. Is l a prime number?
False
Let y(i) = i**3 + 10*i**2 + 4*i - 9. Let w be y(-8). Let u = 956 - w. Is u composite?
True
Let i(t) = 4*t**2 + 2*t - 1. Is i(7) a composite number?
True
Suppose l - 2*r + 4 = 2*l, -4*l + 2*r + 6 = 0. Suppose -4*z + 3*c + 340 = z, -5*z + l*c = -335. Is z a prime number?
False
Suppose -3*o - a + 385 = 0, -2*a = -3*o + 390 + 1. Let p = -45 - 17. Let t = o + p. Is t a prime number?
True
Suppose -4*d + 3*b + 20 = 0, -2*d + 3*d = 2*b + 5. Suppose -402 = -c - d*y, y = 2*c - 4*y - 819. Is c composite?
True
Suppose 3*h - 4*l - 16 = -h, -2*h - 2*l = 0. Suppose -h*f + 5 = 2*a - a, -3*a - 5*f + 13 = 0. Suppose r + a = 23. Is r prime?
False
Suppose -4*i = -3*i + 207. Is (i/(-6))/(1/2) prime?
False
Let c = 33 + -104. Let r = -34 - c. Is r a prime number?
True
Let u be (-7 + -2)*1 + 3. Is (148/u)/(12/(-18)) composite?
False
Let n = 9 - 9. Suppose 5*p + n*p - 885 = 0. Is p prime?
False
Let x(u) = u**3 - 4*u**2 + u + 4. Let v(l) = -l**2 + 6*l + 6. Let z be v(6). Is x(z) a prime number?
False
Is 12/(-42) + 2846/14 a prime number?
False
Let n = 12 + -12. Suppose n = m - 4*m + 246. Is m a composite number?
True
Is (-370)/1*(-4)/8 prime?
False
Suppose -2*u - 5942 - 7237 = -3*p, 0 = -p + 2*u + 4397. Is p a composite number?
False
Let l = 1 - 0. Is ((-3)/l - 0) + 18 composite?
True
Is ((-586)/1 + -1)*-1 a composite number?
False
Suppose -3*g + 3*o = -1890, 0*g = -3*g - 2*o + 1915. Is g prime?
False
Let s(h) = h**3 - 20*h**2 - 12*h - 21. Is s(22) composite?
False
Let d = 140 + -7. Suppose 2*x - 319 = 3*a, 4*a - 54 - d = -x. Is x a composite number?
False
Let m(n) = 27*n**2 + 4*n - 3. Is m(2) composite?
False
Let w be 3 - -29*1/1. Let o = 47 + w. Is o a composite number?
False
Let h = 284 - 153. Is h prime?
True
Suppose -3*p = 6, 21 - 3 = 5*c + p. Suppose -2*i = c*s - 4*i - 156, -2*i + 177 = 5*s. Is s composite?
False
Let r = 53 + -84. Let g = 96 - r. Is g a prime number?
True
Let q be (-2)/(-6)*15/1. Suppose -4*i = 3*h - i - 3, q = 4*h + 5*i. Suppose -4*l - 12 = h, 3*t - 8*t = -2*l - 116. Is t a composite number?
True
Let s(x) = 2*x**2 - 9*x - 8. Is s(-6) a composite number?
True
Is ((-1373)/3)/(4/(-12)) composite?
False
Let u = 0 + 2. Suppose 2*f = -8, u*f - 14 = -v + 316. Let y = 523 - v. Is y prime?
False
Suppose 17*c + 4 = 18*c. Let g = 1 + -1. Suppose 0*d + d + 202 = 3*a, g = -3*a + c*d + 205. Is a composite?
False
Let d(m) = -4*m**2 - 4*m**3 + 5*m**3 + 7*m - 7 - 8*m. Is d(6) prime?
True
Suppose -5*d + 2*d + 12687 = 0. Is d prime?
True
Suppose 3*u - 20 = 214. Suppose -205 = -y - u. Is y composite?
False
Let m be 1641/11 - (-4)/(-22). Suppose -5*c = -3*i + m, 4*c + 0*c = 3*i - 151. Is i a prime number?
True
Let a(l) = l. Let t(v) = -10. Let k(h) = 4*a(h) + t(h). Is k(12) a composite number?
True
Let n(s) = -s**3 - s**2 + s + 1. Let y be n(-1). Suppose c - 5 = -0. Suppose y = -o + c - 2. Is o prime?
True
Let z(v) = v**2 + 1. Let h be z(3). Suppose 4*q - h = 22. Suppose -t = -13 - q. Is t prime?
False
Suppose 0 = 3*m + 2*c - 2021, -3163 = -5*m + 3*c + 237. Suppose -553 = 3*u + m. Let h = -247 - u. Is h prime?
True
Let n = -13 + 8. Let o(p) = p - 5. Let u be o(n). Let l = 27 - u. Is l a composite number?
False
Suppose 0 = 3*s - 5*s + 18. Let w = s + -3. Suppose 0 = 3*y - a - w, -6 = -3*y + 3*a - 0. Is y prime?
True
Suppose -n - 4*n = 125. Let r = -14 - n. Is r prime?
True
Let k(t) = t**3 - 6*t**2 - 6*t - 5. Let v be k(7). Let o = 1 + v. Suppose 2*a = -a + 2*s + 113, -o*a + 5*s + 116 = 0. Is a a composite number?
False
Let r(a) = a**2 - 8*a - 4. Let d be r(13). Suppose t = -2*o + d, 0 = -t + o - 0*o + 70. Is t prime?
True
Let m = 405 + -260. Is m a prime number?
False
Let k(b) = -b + 1. Let g(i) = 19*i + 2. Let u(f) = g(f) + 2*k(f). Is u(7) composite?
True
Suppose -4*f + 3*f + 469 = 0. Is f a composite number?
True
Suppose 5*a - 4 = 6. Suppose 0 = a*m - 0*m - 130. Is m a prime number?
False
Let q(y) = -2*y**3 - 4*y**2 - 2*y + 2. Let a be q(-3). Suppose -2*j = -7*j + 15. Suppose 0*g - 2*i + 16 = 2*g, 0 = -j*g - 2*i + a. Is g composite?
True
Let y = 8 + -5. Suppose -t = y*x - 35, t + 2*t + 27 = 3*x. Is x composite?
False
Suppose -2*c = 61 - 159. Is c a prime number?
False
Is 3 - (-719 + 3 + 0) a prime number?
True
Let o = 6 + -3. Let f(l) = -l + 5*l - 4 + o + 2*l**2 + 5*l. Is f(-7) a prime number?
False
Let l be ((-532)/12)/((-1)/6). Suppose 0 = 3*o - l + 56. Let x = -33 + o. Is x a prime number?
True
Let y(n) = 38*n**2 - 27*n**2 + 0 - n**3 - 2 + 12. Is y(11) prime?
False
Suppose 5*o = -2*z + 780, -2*o - 4 = -0. Is z a composite number?
True
Let a = -11 - -13. Suppose 0 = -u - 2*d + 219, -a*u - 6*d + 436 = -d. Is u a composite number?
False
Suppose 0 = 2*i - 7*p + 2*p + 4, 4*i - 4*p - 4 = 0. Suppose -3*l = i*w - 5*w - 543, 5*w = l - 194. Is l composite?
False
Let t(w) be the first derivative of -w**4/4 + 7*w**3/3 + w**2/2 + 12*w - 2. Is t(5) prime?
True
Let m be 329/21 - (-1)/3. Let c = 63 + m. Is c a composite number?
False
Let m(s) be the second derivative of -2/3*s**3 - 5/2*s**2 + 1/6*s**4 - 2*s + 0. Is m(4) a prime number?
True
Suppose p - 2 = -3, -p + 47 = 2*u. Let s = -17 + u. Is s a composite number?
False
Let g(u) = 2*u**2 + 2*u - 1. Suppose 3*n + 1 = h, 2*n + 2*n = 5*h - 5. Let o be g(h). Suppose -3*l + c = -253, o*c - 346 = -2*l - 2*l. Is l composite?
True
Let u = 293 + -157. Suppose 2*l - 22 = u. Is l composite?
False
Let r(o) = 23*o**3 - 5*o**2 + 3*o + 7. Is r(4) prime?
False
Let r(p) = p**3 - p**2 - 2*p + 3. Let d be r(3). Suppose -o - 20 = 3*o, 5*s + d = -3*o. Suppose -3*q = -0*q + h - 164, -q + 4*h + 59 = s. Is q a prime number?
False
Let f(c) = -4 + 3 - 414*c - 6 + 1. Let q be f(-8). Is q/42 + (-4)/(-14) prime?
True
Let q = 12 + -7. Suppose q*w - w = 28. Is (-4)/(-14) - (-61)/w a composite number?
True
Let k = 9 - 17. Let v(a) = -a - 4. Let h be v(k). Is ((-19)/2)/((-2)/h) a composite number?
False
Suppose r + 2980 = 5*r. Is r composite?
True
Suppose -2*l = 2*l. Suppose l = -2*t + 46 + 240. Is t a composite number?
True
Suppose -13 = -4*o + p, 0 = -3*o - 2*p - 1 - 3. Is 2870/15*3/o a composite number?
True
Is -3*(-4)/(-24)*-22 a composite number?
False
Is (359/1)/(1 + 0) a composite number?
False
Let s(g) = -g - 2. Let l be s(-5). Suppose -1 + 4 = -l*p, 4*o + 17 = -p. Is 7/(o/(-3) + -1) a composite number?
True
Let q(i) = -i**3 + 4*i**2 + i. Let a be q(-4). Suppose -2*k = 3*h + 71, 5*h - 2*h + 77 = k. Let v = a - h. Is v composite?
False
Suppose -c - v + 268 = 0, -2*v - 518 = -2*c + 2*v. Is c a composite number?
True
Let u be ((-1)/3)/(2/6). Let v = u - -1. Suppose v = 3*y + 2*b - 197, 7*y - 5*b - 211 = 4*y. Is y composite?
False
Suppose 5*p + 6 = -19. Let r(j) = 2*j**2 + 4*j - 11. Is r(p) composite?
False
Suppose -28 = -5*a + a. Let p(f) = f + 8. Let o(u) = -8. Let m(r) = 4*o(r) + 5*p(r). Is m(a) composite?
False
Let s = -1 + 3. Suppose 0 = -s*g - 0*g + 158. Is g composite?
False
Let r = 102 - 60. Let h = r - -33. Suppose -32 = w - h. Is w a composite number?
False
Let u = -60 + 137. Is u prime?
False
Let o = 572 - -171. Is o composite?
False
Let u(f) = f**3 + 19*f**2 - 20*f - 13. Is u(-18) composite?
True
Suppose 5*t = -25, n = -2*n + 2*t + 1423. Is n a prime number?
False
Let p(r) be the third derivative of 25*r**4/24 + r**3 + 7*r**2. Is p(13) composite?
False
Suppose 5*f = -4*k + 4834, -1838 = -k + f - 625. Is k a composite number?
True
Let d(l) = 78*l**3 - 5*l - 3. Let i(p) = -78*p**3 - p**2 + 4*p + 2. Let r(u) = 2*d(u) + 3*i(u). Let n be r(2). Is (1/2)/((-4)/n) composite?
False
Is ((-508)/(-8))/(2/4) a prime number?
True
Let q be (-6)/(-4)*24/9. Suppose 0 = -q*m - 20, 0*x + 6 = -2*x - 2*m. Suppose 0*n = -p - x*n + 227, 0 = -p - n + 224. Is p composite?
True
Let i = 58 - -69. Is i a composite number?
False
Suppose -7464 = 3*m - 15*m. Is m a composite number?
True
Suppose -2*q + 6*q = 28. Let f = 11 - -7. Let n = f - q. Is n a prime number?
True
Suppose -3*s = 2*s. Let j be 4 + s - (4 + -3). Su